 2*z**2 + z + 1. Calculate q(p).
-5
Let y(n) = -n + 7. Let x be y(0). Suppose -4 = b - 0*b, -s = -3*b - x. Let o(u) = u - 2. Give o(s).
-7
Let t(u) = u**2 + 5*u. Suppose 0 = -4*p + 12, -2*i - 3*i - 33 = -p. Determine t(i).
6
Let v(q) = q**2 + 5*q - 5. Suppose 13 = -2*i + 1. What is v(i)?
1
Suppose -5*t + 2*p + 29 - 4 = 0, 5*t + 5*p = -10. Let z(g) = -2 - 1 - g**3 + 0*g**3 + 2 + t*g**2. Give z(2).
3
Let a(r) = -6*r**3 - 4*r**2 - 2*r - 3. Let p(k) = k**2 + k + 1. Let w(h) = a(h) + 4*p(h). Let o = -2 - -3. Suppose -2*v + 2 = 3*u + 4, -v = -5*u + o. Give w(v).
5
Let r be 6 - (-1 + 12/4). Let i(j) = r*j + 3*j**3 - 3 - j**2 + 4*j**3 - 6*j**3. What is i(2)?
9
Let c(u) be the third derivative of -u**5/60 - u**4/24 + 2*u**3/3 - u**2. Let v(y) = -y - 13. Let r be v(0). Let j = 10 + r. Give c(j).
-2
Let j(y) = -7 + 0*y + y**2 - 3*y + 5*y. Give j(-5).
8
Suppose -2*q + o + 16 = q, -3*q + 32 = -5*o. Let w(b) = -b + 1. Let j(r) = -4*r + 4. Suppose 3 = a - 0. Let d(p) = a*w(p) - j(p). Give d(q).
3
Let q(c) = 6*c - 10. Let j(v) = 7*v - 11. Let w(r) = -3*j(r) + 4*q(r). Let b(a) = 16*a - 34. Let x(o) = -2*b(o) + 11*w(o). What is x(4)?
-5
Let q(m) = -6*m**2 + m - 1. Let j be q(1). Let d = -5 - j. Let v(f) = 4*f**2. What is v(d)?
4
Let j(h) = -h**2 - 6*h + 3. Let m = 12 - 18. Determine j(m).
3
Let j(q) = -2*q**2 + 3*q + q**2 - 2*q + q**3. Suppose 26 = 2*s + 22. What is j(s)?
6
Suppose t - 2*t = 3. Let v(d) = d**2 + 3*d - 2. Calculate v(t).
-2
Suppose 0 = z - 2*z. Suppose 0 = -z*h + h + 3. Let i(q) = -3*q + 1 + 4 - q**2 - 2. What is i(h)?
3
Let t(x) = 5*x - 2. Let j(f) = -f + 1. Let d(r) = 6*j(r) + 2*t(r). Calculate d(-3).
-10
Let x(z) = -5*z**2 - 2. Let b(m) be the third derivative of -m**5/10 - m**3/3 + 14*m**2. Let a(t) = -4*b(t) + 5*x(t). Let u be 2/(-4)*(-7 - -1). Determine a(u).
-11
Let q(d) = 7*d**2 - 6*d - 5. Let c(n) = -15*n**2 + 13*n + 11. Let z(s) = 4*c(s) + 9*q(s). What is z(2)?
7
Let c(l) be the first derivative of l**6/360 - l**5/120 - l**4/12 + 2*l**3 + 7. Let m(i) be the third derivative of c(i). Calculate m(3).
4
Suppose 0*c + c = 0. Let f(i) = -i - 9. Determine f(c).
-9
Let s = 0 - -2. Suppose 4*t + 12 = s*v, -3*t + 2 = 2*v + 4. Let m(j) = -2 + 2*j + 5*j**v - 3*j**3 - 2 + 2*j**3. What is m(5)?
6
Let v(p) be the third derivative of -1/60*p**5 + 1/6*p**3 + 1/12*p**4 + 2*p**2 + 0 + 0*p. Calculate v(2).
1
Let y(w) = w**3 - 5*w**2 + 2*w + 1. Let p(k) = 2*k**3 - 10*k**2 + 4*k + 1. Let u(o) = -2*p(o) + 5*y(o). Suppose 5*i - 12 - 3 = 0. What is u(i)?
-9
Let g(q) = -3*q**3 + 22*q**2 - 26*q**2 + q + 2*q**3 + 4. Determine g(-3).
-8
Suppose -7*l - 4 = -3*l. Let i be l/(-3)*(15 - 9). Let n(f) = 4*f**2 - 2*f - 1. Give n(i).
11
Let o(x) = 2*x - 4. Let k be o(4). Let j = k + -2. Let g(u) = -4 + 7 + u - j*u. What is g(2)?
1
Let b(n) = 22*n**2 + 2*n + 2. Let u be b(-1). Let o = u + -25. Let z(t) = t**3 + t**2 - 4*t - 1. Give z(o).
-7
Let t be (6/(-2))/(3 + -2). Let b(h) be the first derivative of -3*h**2 - 3 + 0*h + 5*h**2 + 2*h - 3*h**2. What is b(t)?
8
Let v be -4 - ((-3)/(-1) + -2). Let s(p) = -p**2 - 5*p. Calculate s(v).
0
Suppose -s - 13 = 3*u, u + 3 = -2*u - 3*s. Let o(d) = -d**2 - 9*d - 2. Determine o(u).
16
Let r(a) = 3*a**3 + 3*a**2 - 3. Let i(z) = -3*z**3 - 4*z**2 + 4. Let d be 15/3 - (-4 - -7). Let p(o) = d*i(o) + 3*r(o). Calculate p(-1).
-3
Let q(o) = 7*o - 1. Suppose -d = -5*d + 4. Let t(i) = -i**2 + 4*i + 3. Let k be t(5). Let u = d + k. What is q(u)?
-8
Let v(g) = -g**2 + 7*g - 5. Let c be v(5). Let i(z) = -z**3 + 5*z**2 + 1. Let u be i(c). Let n(w) = -u + 0*w + 5*w + w**2 - 1. Determine n(-5).
-2
Let b = 7 - 16. Let c be b/(-3)*(-4)/6. Let z(l) be the third derivative of l**6/120 + l**5/30 - l**4/12 - l**3/6 + l**2. What is z(c)?
3
Let t(h) = h**2 - 10*h + 9. Suppose -3*d - 8 = -5*j - d, 4*j - 5*d = 3. Suppose 0 = 4*b + 2*v - 18, -2*b - v + 15 = -j*v. Calculate t(b).
-15
Let c(p) = -p**3 - 2*p**2 - p - 1. Let v = 6 - 2. Let x(b) = b**2 - 3*b + 1. Let r be x(v). Suppose 4*d = 4*t, 0 = d - 0*t - r*t - 8. What is c(d)?
1
Let y(x) = x**3 + 5*x**2 - 6*x - 7. Let u(c) = -5*c**2 + 20*c - 6. Let m be u(4). Calculate y(m).
-7
Let y(d) = -2*d - 1. Let q be ((-3)/(-15))/((-1)/(-15)). What is y(q)?
-7
Suppose q + 0*q - 3 = 0. Let y(p) = p**3 - 3*p**2 + 3*p - 2. Calculate y(q).
7
Let l(d) be the third derivative of d**4/8 + d**3/2 + 33*d**2. Determine l(-3).
-6
Suppose 2*g + 2*q = 8, q + 2 = g - 4. Let t(u) = -u**2 + 5*u + 2. What is t(g)?
2
Let c(m) be the first derivative of -5/24*m**4 + 0*m + 0*m**2 - 1 + 1/60*m**5 + 1/3*m**3. Let x(l) be the third derivative of c(l). What is x(4)?
3
Let a(m) = -3*m**3 + 11*m**2 - 6*m - 14. Let c(b) = -b**3 - b + 4*b**2 - b - 5 + 0*b**3. Let f = -4 - 7. Let j(x) = f*c(x) + 4*a(x). Give j(-1).
2
Let l(u) = u**3 + 4*u**2 + 2*u + 5. Let i = -1 + 5. Let f(m) = -5*m**2 + m + 1 + i*m**2 + 2*m**3 + m**3. Let w be f(-1). What is l(w)?
-3
Let a = -46 - -50. Let u(s) be the third derivative of s**9/60480 - s**8/5040 - s**5/60 + 2*s**2. Let v(n) be the third derivative of u(n). Give v(a).
0
Let z(p) = 2*p - 2. Let n be z(-5). Let r be (-1)/3 + (-52)/n. Let g(x) = -x**3 + 3*x**2 + 3*x + 2. Determine g(r).
-2
Suppose 3*s - 6 = 0, 3*s = 2*i + 2*s. Let q(z) = -z**3 - z**2. What is q(i)?
-2
Let m(g) = -g**3 - 2*g**2 + 3*g + 2. Suppose 4*v - 16 = -x + 8, 0 = -4*x + 2*v + 6. Suppose -x*p = 6 + 6. Determine m(p).
2
Let w(p) be the third derivative of -3*p**2 + 7/24*p**4 + 0*p + 1/120*p**6 + 0 - 7/60*p**5 - 2/3*p**3. What is w(6)?
2
Let p(u) be the third derivative of -u**6/120 - u**5/30 + u**4/6 - u**3/6 + u**2. Suppose 5 = 3*x - 1, -4*i = -5*x + 22. Calculate p(i).
-4
Let a(s) = -s. Let l(m) = 3*m - 7. Let g(b) = 4*a(b) + l(b). Calculate g(-5).
-2
Let u(a) = -a**2 - a - 1. Let h = -2 + -1. Let t be (-1 - 0) + h/(-3). Let i be (2/1)/(-1 - t). What is u(i)?
-3
Let w(j) be the third derivative of -j**4/12 - 31*j**2. Let z be (2/(-4))/((-1)/6). Give w(z).
-6
Suppose 5*y = -4 - 6. Let a = 0 + y. Let r(c) = c**2 + 2*c + 2. Give r(a).
2
Let w(p) be the second derivative of -p**7/2520 + p**6/120 + p**4/12 - p. Let r(x) be the third derivative of w(x). What is r(5)?
5
Let a(y) = 3*y**2 - 13*y - 11. Let g(l) = -l**2 + 6*l + 5. Let i(p) = -2*a(p) - 5*g(p). What is i(-4)?
-3
Suppose -4*p + 9 = -7. Let r = -4 + p. Let k(y) = y**2 - 4. Give k(r).
-4
Let n(w) = 8*w - 8. Let x(y) = -20*y + 20. Let h(b) = -12*n(b) - 5*x(b). Give h(3).
8
Suppose z + 2*z + y + 6 = 0, 0 = z - 2*y + 9. Let j(a) = 2*a**2 + 7*a - 1. Let m(n) = -6*n**2 - 20*n + 2. Let i(w) = -11*j(w) - 4*m(w). Give i(z).
12
Let t(a) = a**3 + 0*a**2 - 4*a**2 - 1 + 4*a - 3. Suppose v - 16 = -3*v + 4*l, 5*l - 10 = -5*v. Calculate t(v).
-1
Let q(n) be the first derivative of n**6/120 - n**5/20 + n**4/24 + n**3/2 + n**2/2 - 3. Let o(m) be the second derivative of q(m). Give o(3).
6
Let v(c) be the second derivative of -3*c + 0 - 1/6*c**3 + 2*c**2. Calculate v(4).
0
Let m(a) = a**2 + 3*a + 2. Let r be m(-3). Let x(c) = r*c - c + 0*c - 7. Give x(3).
-4
Let q(w) = -3*w**2 + 4. Let c(s) = 13*s**2 - s - 16. Let m(j) = 2*c(j) + 9*q(j). Give m(-4).
-4
Let p(x) = 7*x**3 - 3*x**3 - 5*x**3 + 1 + 4*x + 4*x**2. What is p(5)?
-4
Let l(k) be the third derivative of 0*k + 1/6*k**3 + 12*k**2 + 1/24*k**4 + 0. Let s(m) = -4*m**2 - 1. Let c be s(-1). What is l(c)?
-4
Let x(t) = -t + 4. Let m = 6 - 5. Let l be (2/4 - m)*-10. Determine x(l).
-1
Let h(d) = -d + 16. Let f be h(13). Let j(t) = -t**3 + t**2 + 2*t - 1. Determine j(f).
-13
Let l = -2 + 4. Let u(j) be the third derivative of j**4/12 + 4*j**2. Calculate u(l).
4
Let w(l) = -35*l**2 - 4. Let g(j) = -9*j**2 - 1. Let i(r) = 9*g(r) - 2*w(r). Calculate i(-1).
-12
Let q = -4 + 12. Let m(d) = d - 15. Give m(q).
-7
Let j = -2 - 0. Suppose -7 = -x - 4. Let k(s) = 0 - x*s + 3*s**2 + 4*s + s - 2 + s**3. Give k(j).
-2
Let k(s) = -s**2 + 2*s + 2. Let y be (-7 - -9)/((-2)/4). Let p be (-30)/y*(-6)/(-9). Calculate k(p).
-13
Let a(s) = -4*s**2 + 2 - s**2 + 4*s - s + s**3. Give a(3).
-7
Let u(y) = -6*y. Let x(h) = -11*h. Let j(t) = 7*u(t) - 4*x(t). Determine j(-1).
-2
Let g be 7/(((-20)/(-15))/(8/6)). Let c(y) be the second derivative of y**4/12 - 4*y**3/3 + y**2 + 2*y. Give c(g).
-5
Let y(c) = 4 - 2*c + 4*c - 3*c. Suppose 5*b - 7 = 18. Determine y(b).
-1
Let o(c) = -c**3 + 5*c**